est common divisor of m and 724?
4
Let h(t) = -2*t**2 + 6*t + 4. Let a be (16 - 16)/(1 - (-4)/(-2)). Let r be h(a). Calculate the greatest common factor of 5 and r.
1
Let b(u) = 4*u**3 - 37*u**2 + 10*u - 5. Let c be -2*(-9)/(-24) + 78/8. Let a be b(c). Calculate the greatest common factor of a and 4.
4
Suppose -w + 118 = w. Let r = -31 + w. Let o be 2/(-13) - 378/(-91). Calculate the greatest common divisor of o and r.
4
Let i be ((-42)/4 - -8)/((-4)/4872*3). Calculate the greatest common factor of 435 and i.
145
Let u = 2496 - 298. What is the greatest common divisor of 14 and u?
14
Let t(b) = -7*b**2 + 128*b + 3. Let y be t(9). What is the highest common divisor of 420 and y?
84
Suppose 10*v = 7*v + 162. Suppose -2*a - 65*k = -67*k - 152, -101 = -a - 4*k. What is the greatest common factor of v and a?
27
Let q be 63/6*4/3. Let s = 34 - q. Let t(v) = -345*v**2 + 4487*v + 14. Let l be t(13). Calculate the greatest common factor of s and l.
20
Suppose 0 = -3*y + 4*j + 1758, 776 = 3*y + 3*j - 1024. What is the greatest common factor of 42 and y?
6
Suppose -7*g - 44 = 4*g. Let d be (-19 + 7)*26/g. What is the highest common divisor of 429 and d?
39
Suppose 4*p - 37 = -t, 3*p - 54 = 2*t - 4*t. Suppose -308 = -41*q + 37*q. What is the highest common factor of t and q?
7
Let z be 6504 - (0 + -23 + 41). Calculate the greatest common divisor of z and 322.
46
Let h be ((404/(-5))/(97 + -95))/((-1)/30). What is the highest common factor of h and 12?
12
Let a = 10123 + -10064. What is the highest common factor of 4248 and a?
59
Suppose 5*c = -19 - 11, -2*c = 4*x - 4476. Calculate the highest common factor of 594 and x.
66
Let v be (1 + 12/6)*1. Suppose -31 = -5*w + b - v*b, -34 = -4*w + 3*b. Calculate the highest common divisor of 35 and w.
7
Let z be (-2 + 86)*(4 - 1). Suppose -4*w + 0*w + z = 0. Suppose -10*f + 673 - 253 = 0. What is the greatest common factor of f and w?
21
Suppose 22*m = 176*m - 1386. Suppose -598 = -3*y + 266. Calculate the greatest common divisor of y and m.
9
Let c(y) = 50*y - 131. Let l be c(3). What is the greatest common divisor of 4826 and l?
19
Suppose 0 = r - 6 - 0. Suppose r*n - 355 = -91. Let l be (18/27)/((-2)/(-33)). Calculate the highest common divisor of l and n.
11
Let k be (-1 - (-27)/33) + 8*2806/44. What is the highest common divisor of k and 480?
30
Suppose -2*n + 9 = -3*n. Let b be (147/n + 2)*12/(-4). Let p = 64 - b. Calculate the greatest common divisor of p and 3.
3
Suppose -x + 58 = n, -2*x = -2*n - 0*x + 104. Suppose -n = 244*h - 249*h. Suppose 5 - 16 = -q. What is the highest common divisor of h and q?
11
Suppose j - 1330 = -3*m, -2*j = -90*m + 88*m + 892. What is the highest common divisor of 96 and m?
12
Let h(c) = -c**3 + 52*c**2 + 169*c - 130. Let t be h(55). What is the highest common factor of 18 and t?
18
Let p(x) = -x - 1. Let w(z) = -43*z**2 + 8*z + 9. Let l = -50 + 49. Let m(i) = l*w(i) - 5*p(i). Let d be m(-1). What is the highest common factor of 105 and d?
21
Suppose -6*a = -2*a. Suppose a*o = 6*o - 90. Suppose x - 36 - o = 0. What is the greatest common divisor of x and 17?
17
Let w be (135/90)/((-2)/((-16)/6)). Suppose -w*t + 692 = -4*s + 2*s, -5*s - 1385 = -4*t. What is the greatest common factor of t and 69?
69
Suppose 7425 = -92*k + 3143 + 32894. What is the greatest common divisor of k and 22081?
311
Let u be 11 + (18 - 37) - (-3 - 415). What is the highest common divisor of 3485 and u?
205
Let r = -8471 - -16223. What is the greatest common divisor of 136 and r?
136
Let z(h) = -h**3 - 15*h**2 + 29*h - 85. Let u be z(-17). Suppose -7*b + 17*b - 90 = u. Calculate the greatest common divisor of b and 171.
9
Let s = 269 - 125. Suppose -5*g - 503 = 27. Let k = g + 124. Calculate the greatest common factor of s and k.
18
Suppose i = -4*i + 750. Suppose 0 = -f - 4*c + 40 + 115, -f = 3*c - i. Suppose 880*t = 1916*t - 55944. Calculate the highest common divisor of f and t.
27
Let z = -14089 - -20112. What is the highest common divisor of 38 and z?
19
Suppose -4*a - 19*s + 22*s = -11, 0 = 3*a + 5*s - 30. Suppose 2*c = 2*x - 6*x + 354, -a*x + 3*c + 437 = 0. What is the highest common divisor of x and 220?
44
Suppose 42*k - 33*k = 30438. Suppose 30*s - k = -802. Suppose -t + 857 = 4*f + 2*t, 2*t = -f + 213. What is the greatest common divisor of s and f?
43
Let i be (-3 - 1) + (-1)/((-1)/17). Suppose -25 = -i*w + 40. What is the greatest common divisor of w and 55?
5
Let n(q) = 6*q + 32. Let z be n(-5). Let t(v) = -6 + 6*v**2 + 8*v**z - 7*v - 5*v**2 - 4*v**2. Let o be t(3). Calculate the greatest common divisor of o and 27.
9
Let u be 96/30 + ((-24)/(-15))/(-8). Calculate the highest common divisor of u and 1761.
3
Let g(i) = 462*i - 600. Let s be g(2). What is the greatest common factor of s and 12?
12
Let q = -11060 - -11092. What is the highest common factor of 296 and q?
8
Let j = 119 + -185. Let d = j - -165. Suppose 0 = -5*n - 3*s + d, 0*n = 2*n - s - 44. Calculate the highest common factor of 147 and n.
21
Suppose -366 = -11*a + 96. Let u be -6 + 245/a - (-98)/12. Calculate the greatest common factor of 4 and u.
4
Let l(w) = -w**3 - 48*w**2 - 176*w - 7. Let f be l(-44). Let i be -2*266/(-10) - f/(-35). What is the highest common factor of i and 477?
53
Let v(z) = -z**3 + 17*z**2 + 4*z + 55. Let w be v(16). Let y = w - 345. What is the highest common divisor of y and 315?
15
Let w(b) = 601*b + 13874. Let s be w(-23). Calculate the greatest common divisor of s and 45.
3
Let l(a) = -a**2 - 266*a - 1295. Let z be l(-5). Let g = -90 + 180. What is the greatest common factor of z and g?
10
Suppose -6 = -2*b, -5*b + 161 = x - 26. Calculate the greatest common factor of x and 16.
4
Suppose -33*f = -3460 - 12842. What is the highest common factor of f and 798?
38
Let k(c) = 2*c**3 + 17*c**2 + 4*c - 17. Let t be k(-7). Let a(x) = 2*x**2 + 41*x + 53. Let u be a(-22). Calculate the highest common factor of t and u.
17
Suppose -16*q = -24*q - 23*q + 28179. Calculate the greatest common factor of q and 202.
101
Suppose -119*d + 536 = -892. What is the greatest common divisor of 5268 and d?
12
Let n(b) = -b**3 - 5*b**2 + b - 28. Let x be n(-6). Let v be 4 + 1 + x/(-1) - 2. Calculate the greatest common divisor of 4 and v.
1
Let p = -284 + 286. Suppose 11*n + 22 = p*y + 13*n, -3*n = -6. Calculate the greatest common factor of 9 and y.
9
Suppose -p + 7478 = -5*t - 746, t = -3*p + 24704. Calculate the greatest common factor of p and 179.
179
Let d be (2/(-6))/(27/(-2511)). Suppose -50 = -3*w + d. What is the greatest common divisor of w and 99?
9
Let g = 14 + -8. Let a be (-3023)/(-8) - (-6)/48. What is the greatest common divisor of g and a?
6
Suppose -1948 = -3*g + l, l + 476 = -4*g + 3085. What is the greatest common divisor of 1092 and g?
21
Let j = -150 + 159. Let k be (j/6 - 1)/((-1)/(-34)). What is the greatest common factor of k and 323?
17
Suppose 3*i - 8*i = -40. Suppose -i*z = -13*z + 1175. What is the greatest common factor of 94 and z?
47
Let s(x) = 3*x - 27. Let r be s(5). Let t = 17 + r. Let o be (8/t)/(12/30). What is the highest common divisor of o and 4?
4
Suppose -105*u + 32 = -97*u. Let c be (5/(10/246))/((-93)/(-124)). What is the highest common divisor of u and c?
4
Suppose 2*g = f - 479, -20*f - 2*g = -23*f + 1441. What is the highest common factor of 403 and f?
13
Let p = 20 + -12. Let a(t) = -t**3 - 4*t**2 - 32*t - 177. Let b be (-320)/480 - (-2 - 38/(-6)). Let l be a(b). Calculate the greatest common divisor of p and l.
8
Suppose -17*v = -13*v - 32. Suppose v*k = 791 - 719. Let x be 15*1*36/15. What is the greatest common divisor of k and x?
9
Let t(i) = 6*i - 202. Let p be t(34). Suppose -p*n + 660 = 20*n. Calculate the greatest common factor of n and 435.
15
Let r(z) = z**3 - 4*z**2 + 7*z + 1. Suppose -48 = -0*g - 12*g. Let l be r(g). Suppose -s = -5*s + 812. What is the greatest common factor of s and l?
29
Let f = 29317 + -28810. Calculate the greatest common factor of 12 and f.
3
Let i be ((-18)/(-10))/(19/(-1045)*-33). Suppose -14 = -4*d + 6. Suppose -4*n - 1 = -9, 4*v - d*n + 6 = 0. Calculate the greatest common divisor of i and v.
1
Let h = -7691 - -10798. Calculate the greatest common factor of h and 13.
13
Let x(i) = i**2 - 878*i + 8796. Let q be x(10). What is the high